11110001010 + -1011110?
-111011101011111101000
In base 10, what is -9831 + 3797?
-6034
In base 3, what is 21 + -1020101021220?
-1020101021122
In base 11, what is -19a8a285 + 6?
-19a8a27a
In base 6, what is 2322044042 + -1?
2322044041
In base 10, what is -248 + -958905?
-959153
In base 4, what is 331101302 - 220?
331101022
In base 13, what is -151041 + -26a?
-1512ab
In base 6, what is 100 + 150051?
150151
In base 5, what is -10 - 43442113?
-43442123
In base 6, what is -1330145 + -152?
-1330341
In base 11, what is -6a - 383377?
-383436
In base 10, what is -1893728 - 342?
-1894070
In base 16, what is -60 - 16913?
-16973
In base 12, what is -14900b56 - -5?
-14900b51
In base 8, what is -16622322 - 5?
-16622327
In base 15, what is -b - 23d2e?
-23d3a
In base 15, what is 0 + 474352?
474352
In base 13, what is 6 + -401759?
-401753
In base 6, what is -11325 - 21105102?
-21120431
In base 6, what is 3 - -40331330503?
40331330510
In base 3, what is -2000202001 + 2011212?
-1221120012
In base 3, what is -10 - -111012210011022?
111012210011012
In base 10, what is -105849 - 86?
-105935
In base 13, what is -58ac5 - -2394?
-56731
In base 2, what is -100 + 10101110100010101101110100?
10101110100010101101110000
In base 6, what is 2541321421 - -25?
2541321450
In base 7, what is -4 - -100424?
100420
In base 16, what is -1fb - 27af?
-29aa
In base 7, what is 2300 - -102342?
104642
In base 8, what is 40321063 + -11?
40321052
In base 9, what is 15255032 + 1?
15255033
In base 8, what is -54132601 + 4?
-54132575
In base 6, what is 3 + -143450054?
-143450051
In base 14, what is 2 - -1025ac4?
1025ac6
In base 9, what is 5 + 63020424?
63020430
In base 13, what is c134104 + -10?
c1340c4
In base 10, what is -2 - -34008430?
34008428
In base 7, what is 102451 + -12424?
60024
In base 4, what is 13 + 10232121133?
10232121212
In base 5, what is 2444 + 212301131?
212304130
In base 10, what is -2 - -2627298?
2627296
In base 3, what is -12 + -1122022122020111?
-1122022122020200
In base 7, what is -1 - 113063451?
-113063452
In base 13, what is -18a4c19 - 1?
-18a4c1a
In base 10, what is 31 + -41208?
-41177
In base 6, what is -405402532 + -24?
-405403000
In base 16, what is 55a06f1b - -5?
55a06f20
In base 4, what is -2130030313 - -23?
-2130030230
In base 4, what is -100022212 + 3032?
-100013120
In base 11, what is -3 - 17245598?
-172455a0
In base 9, what is 10045533 - 34?
10045488
In base 10, what is 34 - 229433?
-229399
In base 14, what is -82 + -d15172?
-d15214
In base 11, what is 3 - 3300030?
-3300028
In base 2, what is -1011011001101100101 + 0?
-1011011001101100101
In base 15, what is -6e93 + -e18a?
-1612d
In base 16, what is -62b + c0a?
5df
In base 6, what is -55205021 - -2?
-55205015
In base 5, what is -3 - 113334200310?
-113334200313
In base 9, what is -23 - 5810382?
-5810415
In base 13, what is -bc021 - 4?
-bc025
In base 14, what is -5c7294 + -1c?
-5c72b2
In base 6, what is -1 + -234203404?
-234203405
In base 11, what is -20 - 4429a99?
-442a009
In base 10, what is 7 + -3886818?
-3886811
In base 16, what is 8c9 - -6f813?
700dc
In base 16, what is -411cb - -ca?
-41101
In base 13, what is -77c - -ba72?
b2c3
In base 9, what is -626220 - 31?
-626251
In base 15, what is -89aa0b - 5?
-89aa11
In base 6, what is 3051 - -421105?
424200
In base 7, what is 120 + -100053?
-66633
In base 15, what is -19b9 + 17b9?
-200
In base 2, what is -111000101011110011 - -10101110000?
-111000010110000011
In base 6, what is -204315122 - -2?
-204315120
In base 9, what is 4125 + 280?
4415
In base 3, what is -2000000110 - -10001?
-1222220102
In base 11, what is 522 + -31763?
-31241
In base 13, what is 93cc71 + -5?
93cc69
In base 13, what is -4b337 + 3c?
-4b2c8
In base 3, what is 1020011210202011 + -2?
1020011210202002
In base 9, what is 4 + -76041102?
-76041087
In base 11, what is 478777 + 2a2?
478a69
In base 11, what is 890a + -270a?
6200
In base 11, what is 0 - -13074354?
13074354
In base 3, what is -120 - -1010210100111?
1010210022221
In base 4, what is -2032200103 + -100?
-2032200203
In base 8, what is 552 + -3064322?
-3063550
In base 12, what is 19 + -1407a5?
-140788
In base 15, what is 0 - 97c99b4?
-97c99b4
In base 7, what is -25554356623 + 4?
-25554356616
In base 5, what is -4 + 34312003113?
34312003104
In base 10, what is -158599 - -3?
-158596
In base 16, what is -5da + -43db?
-49b5
In base 5, what is 10142442212 + 3?
10142442220
In base 12, what is -4034 + -43aa9?
-47b21
In base 5, what is 2 + -33421041?
-33421034
In base 14, what is -7885cad + 0?
-7885cad
In base 5, what is -320 + 13032221?
13031401
In base 12, what is -29205 + 2414?
-269b1
In base 7, what is 20022562301 + 4?
20022562305
In base 15, what is a4c0ce + 3a?
a4c119
In base 11, what is 2099 - -12a99?
15087
In base 12, what is -663 + 14ab?
a48
In base 15, what is -c5848 - b2?
-c590a
In base 3, what is 202 + 1211211012211011?
1211211012211220
In base 8, what is -34 + -216414?
-216450
In base 9, what is -108 + 3050751?
3050642
In base 10, what is 1763037361 - 1?
1763037360
In base 4, what is 10 - 3133200121?
-3133200111
In base 10, what is 8114014 + 3?
8114017
In base 3, what is 11002111122 - 1002?
11002110120
In base 6, what is -31205512 + 545?
-31204523
In base 16, what is -7ec3a - 84?
-7ecbe
In base 6, what is -11 + 124033301?
124033250
In base 14, what is -3db - -9751d?
97122
In base 10, what is -14 - 2045994?
-2046008
In base 8, what is -2 - 4411033?
-4411035
In base 15, what is -2 - -28c76e1?
28c76de
In base 16, what is 31a45 + -3?
31a42
In base 8, what is -160 - 11445?
-11625
In base 12, what is -3515443 + -4?
-3515447
In base 6, what is 3453 - 135312?
-131415
In base 5, what is -10140 + -1040314?
-1101004
In base 2, what is -100111101011100011100101 + 10001?
-100111101011100011010100
In base 14, what is -c943 - -b1?
-c872
In base 9, what is 5217 - -101552?
106770
In base 3, what is 22101110210212 - -100001?
22101111010220
In base 6, what is 33352 - -2040521?
2114313
In base 3, what is 12 - -1210202202201010?
1210202202201022
In base 14, what is -c - -7a3c5?
7a3b7
In base 7, what is 4 + -343314015?
-343314011
In base 8, what is 405 - -47163?
47570
In base 4, what is -12001032 + -2231?
-12003323
In base 15, what is -b5 - -4a4e?
4989
In base 7, what is -1 - -133325433?
133325432
In base 15, what is -433 - -23299?
22d66
In base 11, what is -994 + -1968?
-2851
In base 7, what is 34642 - -5632?
43604
In base 10, what is -1285109 + -122?
-1285231
In base 2, what is 0 - 1001011101010111111?
-1001011101010111111
In base 4, what is 103221022 - 3221?
103211201
In base 15, what is -353 + -4b40?
-4e93
In base 14, what is 488b0c + -1?
488b0b
In base 7, what is 11651 + 163536?
205520
In base 9, what is 3455 + 10635?
14201
In base 7, what is -204510 + 1364?
-203113
In base 14, what is 2 + 302d56a?
302d56c
In base 8, what is -105241622 - 13?
-105241635
In base 11, what is 1a985 + -30507?
-10632
In base 9, what is 436 - 77300?
-76753
In base 13, what is -4cc1497 + -2?
-4cc1499
In base 13, what is -5187 - -14c6?
-3991
In base 15, what is -3745 + 719?
-302b
In base 4, what is 1003302133233 - 20?
1003302133213
In base 12, what is -269 - -1773?
1506
In base 5, what is -22424 - -43202301?
43124322
In base 7, what is -16043 - 134621?
-153664
In base 7, what is 1606 + -206636?
-205030
In base 5, what is -213011 + 10014?
-202442
In base 9, what is 151522466 + -5?
151522461
In base 6, what is -5335442553 - -3?
-5335442550
In base 14, what is -3 - -6124606?
6124603
In base 4, what is 3212220 + 110003?
3322223
In base 13, what is 3 - 4b953074?
-4b953071
In base 15, what is -439 + -185487?
-1858c1
In base 6, what is -1014304 - -4035?
-1010225
In base 2, what is -10011 - -1010101111101110010010?
1010101111101101111111
In base 6, what is -1240013 - 14?
-1240031
In base 9, what is 1108 + -13308?
-12200
In base 3, what is 2011120002 - -221220?
2012111222
In base 5, what is -1204 + -34232?
-40441
In base 16, what is a638708 - -5?
a63870d
In base 2, what is -11 + -100110110010111101010010000?
-100110110010111101010010011
In base 12, what is -1474 + -40450?
-41904
In base 14, what is 197 + 305ddb?
306194
In base 3, what is -1012222121200100 - -10?
-1012222121200020
In base 14, what is 2 + 1aaa32b1?
1aaa32b3
In base 13, what is 261273 + -c9?
261177
In base 3, what is 